 of k.
2, 3
Suppose 3 + 9 = 3*z. List the prime factors of (48/15)/(z/10).
2
Suppose -3*z = -6*z + 15. Suppose -1 - z = -c. List the prime factors of c.
2, 3
Suppose -3*z + 5*z = -20. Let d(b) = b**3 + 10*b**2 - b + 14. What are the prime factors of d(z)?
2, 3
Suppose -2*l + 52 = 6. What are the prime factors of l?
23
Suppose 6*x = 115 + 203. List the prime factors of x.
53
Let z(m) = -m**2 + 36*m + 18. What are the prime factors of z(12)?
2, 3, 17
Suppose 5*m + 217 - 59 = -3*p, -5*m = -4*p - 234. Let n(o) = -6*o + 16. Let z be n(9). Let a = z - p. List the prime factors of a.
2, 3
Suppose -5*u - 5*o = 15, -u - 2*u + 1 = -2*o. List the prime factors of u*(-1)/1 - -1.
2
Let i be ((-2)/(-4))/((-1)/16). Let u = 0 - i. Suppose -2*p - u*g = -3*g - 38, 3*p = 5*g + 7. What are the prime factors of p?
3
Let v(w) = w + 4. Let j be v(-2). Suppose -5*y + 25 = j*f - 0*f, -3*y = -3*f - 15. List the prime factors of y.
5
Let h be 60/(-9)*(-3)/(-1). Let f be -3*(-1 + 0) - h. Let b = f + -4. What are the prime factors of b?
19
Let r be ((-62)/4)/(4/(-8)). Let p = -22 + r. What are the prime factors of p/6*22/3?
11
Let f = -79 - -159. Suppose 0 = 5*c - c - f. What are the prime factors of c?
2, 5
Suppose -4*b = -2*b - 2. Let d be 0/(b/((-3)/6)). Let k = d + 3. What are the prime factors of k?
3
Let t be (-1*2 - -4) + -2. Suppose t = 5*q - 49 + 19. Suppose -3*m = -2*m - q. List the prime factors of m.
2, 3
Suppose 5*k = -3*h + 748, -5*k + 3*k = -2*h + 488. What are the prime factors of h?
2, 3, 41
What are the prime factors of 8/16*1*78?
3, 13
Let k(z) = 2*z + 13. Suppose -5*u + 20 = 3*b - u, 4*b = -u + 5. List the prime factors of k(b).
13
Let u(g) = -g**3 - 10*g**2 - 9*g + 10. Let x be u(-9). Let w = x - 16. Let c(p) = p**3 + 5*p**2 - 10*p - 7. List the prime factors of c(w).
17
Suppose 4*b - 44 = -b - 3*y, -b = 4*y - 2. Let s(i) = -2*i**2 - 10*i. Let t be s(-5). Suppose t = -u + b - 0. What are the prime factors of u?
2, 5
Let w = 4 + -6. List the prime factors of (130/(-4))/5*w.
13
List the prime factors of 0 - -118 - (-19 - -15).
2, 61
Let s(x) = -3*x**3 + 4*x**3 + 0*x**2 - 4*x**2 + 6*x**2 + 2. What are the prime factors of s(-2)?
2
Let z be 2/6 - 140/6. Let d = z + 41. What are the prime factors of d?
2, 3
Suppose -4*z + 155 = 5*p - 29, 0 = p + 4*z - 40. What are the prime factors of p?
2, 3
Let z(k) be the third derivative of 0*k - 3/2*k**3 - 1/6*k**4 + 0 + 2/15*k**5 - 1/120*k**6 + k**2. What are the prime factors of z(7)?
2, 3
Let l(b) = 2*b**2 - 6 + 2*b**2 - b**2 - 5*b - 2*b**2. What are the prime factors of l(7)?
2
Let u = -10 + 20. Suppose u = 4*z + z. What are the prime factors of z?
2
Let b(n) = 22*n + 26. List the prime factors of b(5).
2, 17
What are the prime factors of (11 + -1)/(4/2)?
5
Suppose 4*a - 3*d - 126 = 207, -5*d = 2*a - 147. Suppose -a = 3*i - 6*i. What are the prime factors of i?
3
Let t be (-5 + 1)/(1 + -3). Let w(q) = 2*q**2 + 3*q + 2. Let u be w(-2). Suppose u = t*i - 2. What are the prime factors of i?
3
Let a(q) = -5*q**2 + 3*q**2 + 2 + q**3 + 3*q + 5*q**2. Let j be a(-2). What are the prime factors of ((-2 - j) + -8)*-1?
2, 5
Suppose 0 = 3*w + j - 22, -3*w - 2*w + 38 = 2*j. Let f be (-2)/w + (-52)/6. Let t = f + 19. List the prime factors of t.
2, 5
Suppose 0 = -4*j + 78 - 10. What are the prime factors of j?
17
Let h be (-55 - -4)/(6/(-8)). Let j = -44 + h. What are the prime factors of j?
2, 3
Let d = -70 + 105. List the prime factors of 2/(-4) - d/(-14).
2
Suppose -2*z = -5*y + 20, 8 = -3*y - 4*z - 6. Let i = 0 + 3. Suppose -y*j + j - 4*r - 11 = 0, -i*j + 17 = 2*r. What are the prime factors of j?
3
Let p(h) = -h**3 + 4*h**2 + 6*h - 6. Let j be p(4). Suppose -2*r + j = r. List the prime factors of r.
2, 3
Suppose 2*p - 1 = a, -4*a = -2*a + 2. Let t = -90 - -135. Suppose 3*v = -p*v + t. What are the prime factors of v?
3, 5
Suppose 0*g - 58 = -2*g. What are the prime factors of g?
29
Suppose -21 = -3*j + 30. Suppose f = 5*c - j, 3*c + 4*f - 1 = 23. List the prime factors of c - (-2 + (1 - 1)).
2, 3
Let g = -3 - 1. Let c = g + 8. Suppose c*u - 22 = -2. What are the prime factors of u?
5
Suppose 5*a = 8*a - 75. What are the prime factors of a?
5
Let y = 1 - 3. Let b be ((-18)/(-4) + -2)*y. Let p = b + 7. What are the prime factors of p?
2
Let q = -6 - -7. Let j(k) = -2*k**2 - 4 - k + q + 3*k**2. What are the prime factors of j(3)?
3
Let r(y) = 3*y**2 + y + 4. List the prime factors of r(4).
2, 7
Suppose -2*p = -3*n + 2*p + 10, 5*n - 20 = 5*p. What are the prime factors of ((-12)/8)/(n/(-16))?
2
Suppose p + 15 = -2*n, -n - p - 7 = -0*n. Let q = 21 - 39. Let w = n - q. List the prime factors of w.
2, 5
Let j(b) = 9 + 8 + 2*b - 7. Let s be j(7). Suppose 3 - 66 = -5*n + 4*i, 0 = 2*n - i - s. What are the prime factors of n?
11
Let y(o) = 26*o. List the prime factors of y(1).
2, 13
What are the prime factors of (-2)/4 - (-90)/4?
2, 11
Let w be (-20)/(-8) + (-1)/(-2). Suppose s + w*t = 2*s + 11, -4*t + 32 = 3*s. List the prime factors of (s/(-3))/(4/(-18)).
2, 3
Let y be 9 + (1 - 3) + 0. Let d = y + 10. List the prime factors of d.
17
Suppose -5*d + 15 = 0, 168 = y + 2*d + 16. List the prime factors of y.
2, 73
Let o be ((-78)/(-3))/(2 - 0). Let k = o - 4. What are the prime factors of k?
3
Let u = 56 + -23. List the prime factors of u.
3, 11
Let n be -2*1/4*-2. Let h be (0 - 1)/n + 19. List the prime factors of 1 + h*(-6)/(-9).
13
Suppose 9 = 3*t - 5*d, 0*t - 4*t + 12 = 3*d. Let u be 9/2*4/t. Suppose 17 = 3*y + x, 2*y + 8 = u*y + 5*x. What are the prime factors of y?
7
Let j(k) = k**2 - k + 2. Let n(m) = m - 6. Let g be n(10). What are the prime factors of j(g)?
2, 7
Let o(m) = m**3 - 6*m**2 + 2. Let c be o(6). Let i(k) = -4 + 3*k + 0 + c. List the prime factors of i(4).
2, 5
Let x(r) = r**3 + 14*r**2 + 24*r - 25. List the prime factors of x(-11).
2, 37
Suppose -3*d - 46 - 6 = -l, 3*l = -3*d + 132. What are the prime factors of l?
2, 23
Let y(j) = -189*j + 3. What are the prime factors of y(-1)?
2, 3
Suppose -4*l + 8 = 5*q, 8 + 0 = 2*q. Let p = 8 + l. Suppose 0 = -p*t + 5, 4*y + 1 = 5*t + 4. What are the prime factors of y?
2
Suppose -4*b + 268 = 5*m, -4*m = b + 2*b - 214. List the prime factors of m.
2, 13
Let n(j) = j**2 + 3*j + 1. Suppose -3*g - 25 = -5*l, 0 = 2*g - 4*g - 3*l - 4. List the prime factors of n(g).
11
Let a = 3 - 0. Suppose -t = a*t. Suppose t = -f - f + 12. What are the prime factors of f?
2, 3
List the prime factors of 190 - (3/(-6)*-4)/(-1).
2, 3
Let n(p) be the second derivative of p**4/6 + p**3/2 - p**2 + 5*p. List the prime factors of n(3).
5
Let r be (-2)/5 - 8/(-20). Suppose 4*s - 7 = -l, 2*s - 5 = -l - r*s. Suppose 6 = 6*v - l*v. What are the prime factors of v?
2
Let d be (12/15)/(6/15). Suppose -1 + d = -p, -102 = -4*x + 2*p. List the prime factors of x.
5
Suppose 44 = -2*u + 5*o, -4*u + 5*u + o + 15 = 0. Let n = u + 32. List the prime factors of n.
3, 5
Let a be 3/(-6) - 10/(-4). Suppose -87 = -a*b + 31. What are the prime factors of b?
59
Let v be 6*-1*(-3)/(-9). Let b be (-10)/(v + (-5)/(-3)). Suppose -y + b = y. What are the prime factors of y?
3, 5
Let d(t) = 1. Let b(a) = a**3 + 7*a**2 + 2*a + 7. Let s(h) = -b(h) + 5*d(h). List the prime factors of s(-7).
2, 3
Let d(z) = 2*z - 6. Let u(y) = 1. Let x(n) = d(n) + u(n). Suppose -4*w + 36 = 4*k, 6*k - 2*k - 4*w = -4. List the prime factors of x(k).
3
Let o(a) = 0*a**3 + 8*a + 2*a**3 - 9*a**2 + 0*a**2 + 3 - a**3. Let n be o(8). Suppose 0 = -4*l + 2*g + 74, -4*g = n*l - 0*g - 39. List the prime factors of l.
17
Let r(w) = 11*w - 2. Let l(t) = t - 1. Let i(z) = -5*l(z) + r(z). What are the prime factors of i(2)?
3, 5
Let w be ((-2)/(-4))/(5/(-10)). Let j = w + -5. List the prime factors of (1/2)/(j/(-168)).
2, 7
Let n = 27 - 7. Let d = n - -1. What are the prime factors of d?
3, 7
Let x = -10 - -26. Suppose -5*l - 2 + 4 = -u, 5*u + 5*l + 10 = 0. What are the prime factors of (2 + u + x)/1?
2
Let n be 1/5 - (-364)/(-20). Let l be n/(-5) - (-2)/5. Suppose l*z + 25 = 65. List the prime factors of z.
2, 5
Suppose -4 = -2*k + 12. What are the prime factors of k?
2
Suppose 0 = y + 3*y - 332. What are the prime factors of y?
83
Suppose 7 = -0*y + y. Suppose 6*x = y*x - 17. List the prime factors of x.
17
Let d(x) = -4*x + 1. Let z(h) = h. Let o(i) = -d(i) -